ate the remainder when 45 is divided by 14.
3
What is the remainder when 10944 is divided by 23?
19
Calculate the remainder when 51 is divided by 18.
15
What is the remainder when 1833 is divided by 204?
201
Calculate the remainder when 440 is divided by 91.
76
Calculate the remainder when 171 is divided by 30.
21
Calculate the remainder when 128 is divided by 23.
13
Calculate the remainder when 406 is divided by 10.
6
Calculate the remainder when 1697 is divided by 31.
23
What is the remainder when 314 is divided by 101?
11
What is the remainder when 197 is divided by 3?
2
What is the remainder when 1443 is divided by 6?
3
Calculate the remainder when 4085 is divided by 52.
29
Calculate the remainder when 6862 is divided by 39.
37
What is the remainder when 53 is divided by 45?
8
Calculate the remainder when 1602 is divided by 237.
180
What is the remainder when 245 is divided by 27?
2
What is the remainder when 224 is divided by 87?
50
What is the remainder when 532 is divided by 254?
24
Calculate the remainder when 206 is divided by 51.
2
What is the remainder when 28 is divided by 10?
8
What is the remainder when 969 is divided by 186?
39
Calculate the remainder when 110 is divided by 49.
12
Calculate the remainder when 3627 is divided by 26.
13
Calculate the remainder when 4131 is divided by 2058.
15
Calculate the remainder when 927 is divided by 19.
15
Calculate the remainder when 1017 is divided by 11.
5
What is the remainder when 992 is divided by 54?
20
Calculate the remainder when 2977 is divided by 142.
137
What is the remainder when 181 is divided by 56?
13
What is the remainder when 140 is divided by 21?
14
Calculate the remainder when 660 is divided by 51.
48
Calculate the remainder when 263 is divided by 33.
32
Calculate the remainder when 46 is divided by 21.
4
What is the remainder when 480 is divided by 125?
105
Calculate the remainder when 41 is divided by 10.
1
Calculate the remainder when 228 is divided by 66.
30
Calculate the remainder when 85 is divided by 23.
16
Calculate the remainder when 282 is divided by 19.
16
Calculate the remainder when 297 is divided by 164.
133
Calculate the remainder when 142 is divided by 47.
1
What is the remainder when 5380 is divided by 138?
136
Calculate the remainder when 851 is divided by 109.
88
Calculate the remainder when 7751 is divided by 12.
11
What is the remainder when 100 is divided by 23?
8
What is the remainder when 2986 is divided by 75?
61
Calculate the remainder when 2781 is divided by 35.
16
Calculate the remainder when 597 is divided by 25.
22
What is the remainder when 37 is divided by 23?
14
Calculate the remainder when 6009 is divided by 1997.
18
What is the remainder when 490 is divided by 38?
34
Calculate the remainder when 2181 is divided by 725.
6
Calculate the remainder when 2181 is divided by 1079.
23
What is the remainder when 509 is divided by 51?
50
Calculate the remainder when 197 is divided by 52.
41
Calculate the remainder when 1730 is divided by 51.
47
What is the remainder when 171 is divided by 51?
18
Calculate the remainder when 83 is divided by 45.
38
What is the remainder when 165 is divided by 164?
1
Calculate the remainder when 173 is divided by 84.
5
Calculate the remainder when 120 is divided by 65.
55
What is the remainder when 963 is divided by 46?
43
What is the remainder when 23 is divided by 22?
1
What is the remainder when 218 is divided by 26?
10
Calculate the remainder when 1888 is divided by 25.
13
What is the remainder when 298 is divided by 69?
22
What is the remainder when 229 is divided by 64?
37
Calculate the remainder when 254 is divided by 43.
39
Calculate the remainder when 85 is divided by 19.
9
Calculate the remainder when 27 is divided by 11.
5
Calculate the remainder when 262 is divided by 33.
31
Calculate the remainder when 234 is divided by 48.
42
What is the remainder when 884 is divided by 74?
70
Calculate the remainder when 1049 is divided by 35.
34
What is the remainder when 1723 is divided by 23?
21
What is the remainder when 53 is divided by 10?
3
Calculate the remainder when 93 is divided by 12.
9
Calculate the remainder when 688 is divided by 10.
8
What is the remainder when 149 is divided by 38?
35
Calculate the remainder when 204 is divided by 21.
15
Calculate the remainder when 2451 is divided by 163.
6
What is the remainder when 61 is divided by 13?
9
Calculate the remainder when 36 is divided by 19.
17
Calculate the remainder when 180 is divided by 53.
21
What is the remainder when 146 is divided by 30?
26
Calculate the remainder when 1853 is divided by 142.
7
Calculate the remainder when 210 is divided by 122.
88
Calculate the remainder when 1528 is divided by 142.
108
Calculate the remainder when 522 is divided by 60.
42
What is the remainder when 828 is divided by 395?
38
Calculate the remainder when 8499 is divided by 85.
84
Calculate the remainder when 73 is divided by 67.
6
What is the remainder when 688 is divided by 50?
38
Calculate the remainder when 1695 is divided by 34.
29
What is the remainder when 241 is divided by 35?
31
What is the remainder when 144 is divided by 37?
33
Calculate the remainder when 813 is divided by 131.
27
What is the remainder when 2690 is divided by 11?
6
What is the remainder when 451 is divided by 88?
11
Calculate the remainder when 353 is divided by 103.
44
Calculate the remainder when 1006 is divided by 49.
26
Calculate the remainder when 1118 is divided by 16.
14
Calculate the remainder when 30434 is divided by 15.
14
Calculate the remainder when 2611 is divided by 867.
10
Calculate the remainder when 100 is divided by 2.
0
What is the remainder when 144 is divided by 7?
4
What is the remainder when 1694 is divided by 68?
62
What is the remainder when 249 is divided by 87?
75
What is the remainder when 1553 is divided by 14?
13
Calculate the remainder when 400 is divided by 13.
10
What is the remainder when 8262 is divided by 15?
12
What is the remainder when 302 is divided by 78?
68
Calculate the remainder when 19427 is divided by 67.
64
What is the remainder when 209 is divided by 109?
100
What is the remainder when 118 is divided by 36?
10
What is the remainder when 6533 is divided by 121?
120
What is the remainder when 7724 is divided by 46?
42
What is the remainder when 320 is divided by 17?
14
Calculate the remainder when 5812 is divided by 38.
36
What is the remainder when 594 is divided by 192?
18
What is the remainder when 442 is divided by 152?
138
Calculate the remainder when 59 is divided by 13.
7
What is the remainder when 1499 is divided by 75?
74
What is the remainder when 1040 is divided by 213?
188
What is the remainder when 219 is divided by 45?
39
What is the remainder when 262 is divided by 66?
64
Calculate the remainder when 110 is divided by 27.
2
Calculate the remainder when 241 is divided by 61.
58
Calculate the remainder when 317 is divided by 32.
29
Calculate the remainder when 682 is divided by 57.
55
Calculate the remainder when 1200 is divided by 122.
102
What is the remainder when 85 is divided by 30?
25
What is the remainder when 164 is divided by 15?
14
Calculate the remainder when 667 is divided by 45.
37
Calculate the remainder when 746 is divided by 30.
26
What is the remainder when 359 is divided by 20?
19
What is the remainder when 77744 is divided by 71?
70
Calculate the remainder when 67 is divided by 51.
16
What is the remainder when 1381 is divided by 318?
109
What is the remainder when 64 is divided by 48?
16
Calculate the remainder when 774 is divided by 31.
30
What is the remainder when 545 is divided by 56?
41
What is the remainder when 3418 is divided by 243?
16
What is the remainder when 51 is divided by 8?
3
Calculate the remainder when 361 is divided by 62.
51
Calculate the remainder when 71 is divided by 36.
35
Calculate the remainder when 451 is divided by 44.
11
What is the remainder when 478 is divided by 120?
118
What is the remainder when 824 is divided by 124?
80
What is the remainder when 747 is divided by 25?
22
Calculate the remainder when 50130 is divided by 151.
149
Calculate the remainder when 345 is divided by 121.
103
Calculate the remainder when 207 is divided by 10.
7
Calculate the remainder when 706